0*p + 3. Determine o(-3).
-63
Let a(x) = 27*x**2 + 880*x - 358. Calculate a(-33).
5
Let n(s) = 15*s + 194. Calculate n(10).
344
Let m(c) = 6*c**3 + 427*c**2 + 68*c - 207. What is m(-71)?
6
Let r(u) = -82*u + 84. Calculate r(1).
2
Let w(n) = -64*n - 1261. Determine w(-19).
-45
Let i(f) = 59*f - 425. Determine i(7).
-12
Let i(o) = -o**3 + 6*o**2 - 9*o + 146. Determine i(7).
34
Let s(t) = 89*t - 5875. Determine s(66).
-1
Let p(z) = -z**2 - 8*z + 428. Give p(-26).
-40
Let w(d) = -2*d**3 + 30*d**2 + 106*d + 33. Give w(-3).
39
Let m(h) = 9*h**2 + 398*h - 50. What is m(-45)?
265
Let l(j) = 5*j**3 - 220*j**2 - j + 53. What is l(44)?
9
Let x(n) = -3*n**2 + 69*n + 70. What is x(24)?
-2
Let p(b) = -b**3 - 28*b**2 - 26*b - 30. What is p(-27)?
-57
Let m(d) = 52*d - 3880. What is m(77)?
124
Let r(m) = -725*m**2 - 5797*m + 18. What is r(-8)?
-6
Let l(c) = -7*c + 196. Determine l(17).
77
Let w(t) = -852*t + 11107. Determine w(13).
31
Let m(n) = n**2 - 7*n - 162. Give m(18).
36
Let d(o) = o**2 - 38*o - 111. Calculate d(33).
-276
Let v(d) = d**3 + 25*d**2 - 128*d - 2021. What is v(-27)?
-23
Let a(m) = m**2 - 33*m + 122. What is a(35)?
192
Let f(c) = -4*c**2 - 251*c + 610. Give f(-65).
25
Let h(a) = -a**3 + 22*a**2 + 201*a - 13. Determine h(-7).
1
Let p(c) = -29*c**2 + 553*c - 27. What is p(19)?
11
Let m(b) = b**2 + 648*b + 6382. Determine m(-10).
2
Let y(r) = -3*r**2 - 6*r - 35. Give y(9).
-332
Let b(g) = 136*g + 4079. Determine b(-30).
-1
Let k(d) = -257*d + 27960. Determine k(109).
-53
Let j(a) = 29*a + 1136. Give j(-39).
5
Let k(n) = -1212*n - 4671. What is k(-4)?
177
Let u(w) = 2*w - 171. Calculate u(44).
-83
Let n(u) = 142*u + 5951. What is n(-42)?
-13
Let n(h) = -26*h**2 + 72*h + 69. Calculate n(-1).
-29
Let m(q) = -q**2 - 11*q + 621. Calculate m(20).
1
Let r(q) = 18*q**2 - 167*q + 39. Determine r(9).
-6
Let x(p) = p**3 + 10*p**2 + 19*p + 125. Give x(-8).
101
Let t(n) = 195*n - 1753. What is t(9)?
2
Let y(o) = 5*o**3 + 340*o**2 + 3*o + 203. Calculate y(-68).
-1
Let x(n) = n**3 + 48*n**2 + 161*n - 2327. Give x(-43).
-5
Let d(x) = 4*x**2 - 58*x - 21. What is d(15)?
9
Let k(d) = -d**2 + 97*d - 1883. Give k(75).
-233
Let z(q) = 4*q**3 + 15*q**2 - 8*q + 3. What is z(-4)?
19
Let w(q) = -q**3 + 47*q**2 - 214*q + 8. What is w(5)?
-12
Let d(f) = -19*f**3 - 115*f**2 - 6*f. Determine d(-6).
0
Let t(o) = -139*o + 774. What is t(9)?
-477
Let d(y) = -3*y**2 - 6*y + 588. Determine d(-15).
3
Let f(u) = -4995*u**3 + 24974*u**2 - u + 6. Calculate f(5).
-24
Let n(g) = g**3 - 9*g**2 + 82*g - 742. What is n(9)?
-4
Let w(a) = -a**3 - 7*a**2 - 13*a - 40. What is w(-6)?
2
Let s(j) = 8*j - 39. Give s(4).
-7
Let x(f) = 34*f**2 + 41*f - 47. Determine x(1).
28
Let g(l) = l**3 + 26*l**2 + 84*l - 9. Calculate g(-22).
79
Let f(n) = -n**3 + 15*n**2 + 46*n - 498. What is f(16)?
-18
Let f(i) = 2448*i - 4900. Calculate f(2).
-4
Let f(h) = 31*h - 3205. What is f(104)?
19
Let u(r) = -10*r**2 + 48*r + 11. Determine u(6).
-61
Let b(l) = l**2 + 34*l - 13. Give b(-30).
-133
Let k(z) = -62*z - 417. Determine k(-8).
79
Let c(j) = 10*j**2 + 13*j - 20. Give c(-3).
31
Let f(q) = 812*q + 21946. Calculate f(-27).
22
Let y(p) = -109*p**2 + 12*p - 4. Calculate y(1).
-101
Let y(r) = r**3 + 91*r**2 - 94*r + 375. Give y(-92).
559
Let y(x) = x**2 + 25*x - 9. Determine y(-3).
-75
Let d(m) = -5*m**2 + 32*m - 9. What is d(6)?
3
Let m(y) = -12*y**2 + 81*y + 129. Give m(8).
9
Let m(o) = -o**2 - 24*o - 264. Give m(-12).
-120
Let q(v) = 17*v**3 + 189*v**2 + 25*v + 28. Determine q(-11).
-5
Let t(l) = 352*l - 4174. Calculate t(12).
50
Let k(t) = t**3 + 24*t**2 + 140*t + 125. Give k(-7).
-22
Let k(g) = 167*g - 506. What is k(3)?
-5
Let j(k) = 7*k**2 + 60*k - 15. Calculate j(-8).
-47
Let a(l) = -l**3 + 20*l**2 - 37*l + 16. Calculate a(18).
-2
Let b(s) = 89*s + 429. Determine b(-5).
-16
Let l(n) = -682*n - 2736. What is l(-4)?
-8
Let h(n) = -64*n**3 + 1217*n**2 - 18*n + 10. Give h(19).
29
Let g(c) = c**2 + 98*c - 132. Give g(-98).
-132
Let o(m) = 360*m - 10701. What is o(30)?
99
Let q(n) = n**3 + 31*n**2 + 144*n + 117. Give q(-4).
-27
Let y(p) = p - 385. Calculate y(5).
-380
Let l(a) = 214*a - 12198. Determine l(57).
0
Let n(q) = 59*q + 78. Calculate n(10).
668
Let j(v) = 101*v + 1407. Calculate j(-14).
-7
Let l(i) = i**3 + 16*i**2 + 18*i + 50. Calculate l(-15).
5
Let j(b) = -20*b**2 + 2280*b + 11. Calculate j(114).
11
Let q(m) = 3*m - 161. Calculate q(22).
-95
Let f(w) = -w**3 + 30*w**2 - 109*w - 409. Determine f(25).
-9
Let m(u) = -2*u**3 + 240*u**2 + 485*u + 415. Give m(122).
49
Let c(s) = -59*s**3 - 5*s**2 + 10*s - 9. What is c(2)?
-481
Let z(m) = 2198*m - 19777. Give z(9).
5
Let h(v) = v**3 - v**2 - 9*v - 9. Calculate h(3).
-18
Let y(t) = 167*t**2 + 53*t - 54. Give y(1).
166
Let h(y) = -3*y**3 - 10*y**2 - 94*y - 518. What is h(-6)?
334
Let k(j) = -952*j - 1951. What is k(-2)?
-47
Let w(b) = 70*b**3 - 219*b**2 + 30*b - 12. Calculate w(3).
-3
Let h(x) = -x**2 - 84*x + 153. What is h(-86)?
-19
Let t(a) = -a**3 + 42*a**2 - 157*a - 363. Give t(6).
-9
Let i(g) = 11*g + 1663. Determine i(-155).
-42
Let n(y) = 31*y**3 - 12*y**2 - 16*y + 11. Determine n(1).
14
Let i(u) = u**2 + 2994*u - 27030. Determine i(9).
-3
Let m(q) = -25*q**2 + 8*q - 7. Calculate m(1).
-24
Let y(z) = -5*z**3 - 16*z**2 - 14*z + 7. Give y(-4).
127
Let m(x) = 367*x + 6021. Give m(-16).
149
Let w(n) = 2*n**2 + 70*n + 127. Give w(-34).
59
Let c(v) = 7*v**2 - 33*v - 40. Calculate c(13).
714
Let r(k) = k**3 - 25*k**2 + 163*k - 11. Give r(9).
160
Let a(x) = -2*x**2 + 49*x - 309. Calculate a(8).
-45
Let l(m) = m**3 - 5*m**2 + 8*m + 18. What is l(6)?
102
Let k(n) = -n**2 - 10*n + 6. Determine k(-3).
27
Let k(c) = 2*c**2 + 33*c - 15. Determine k(-21).
174
Let u(d) = 313*d + 3754. Determine u(-12).
-2
Let x(l) = -l**3 - 31*l**2 + 408*l - 87. Give x(-41).
-5
Let s(a) = -146*a - 789. Determine s(-4).
-205
Let j(h) = -h**2 + 55*h + 102. Determine j(57).
-12
Let i(a) = -2*a - 149. Calculate i(-72).
-5
Let y(q) = 27*q**2 - 297*q + 26. Determine y(11).
26
Let n(o) = -17*o**2 - 19*o + 167. Give n(8).
-1073
Let y(o) = 110*o - 422. Give y(4).
18
Let t(n) = 30*n**3 - 214*n**2 + 24*n + 42. Give t(7).
14
Let f(x) = 233*x + 7. Determine f(1).
240
Let s(z) = -z**3 - 6*z + 4. What is s(2)?
-16
Let n(j) = -j**3 + 7*j**2 + 49*j - 9. What is n(10)?
181
Let z(s) = s**3 + 11*s**2 - 3*s - 19. Determine z(-11).
14
Let w(t) = 2*t**2 - 129*t + 586. Determine w(5).
-9
Let f(j) = -j**2 - 127*j - 908. Determine f(-7).
-68
Let y(b) = b**3 + 57*b**2 + b + 66. What is y(-57)?
9
Let t(w) = -2*w**3 + 612*w**2 - 23*w + 7041. What is t(306)?
3
Let g(l) = -66*l - 7184. Determine g(-109).
10
Let n(p) = -6*p**2 + 162*p - 179. Give n(25).
121
Let i(k) = -199*k - 1. Calculate i(0).
-1
Let v(r) = -r**3 + 28*r**2 + 78*r - 543. What is v(30)?
-3
Let s(f) = 3*f**3 + 263*f**2 - 93*f - 444. What is s(-88)?
-4
Let l(b) = 5*b**3 - 55*b**2 + 3*b - 30. What is l(11)?
3
Let f(i) = i**3 - 8*i**2 - 36*i + 12. Determine f(12).
156
Let j(m) = -3*m**2 - 5*m + 85. Give j(-10).
-165
Let s(n) = n**3 - 9*n**2 - 241*n + 1955. Give s(8).
-37
Let i(q) = 207*q**2 - 10*q - 14. What is i(-1)?
203
Let n(s) = 7*s**2 + 4*s - 10. Calculate n(-6).
218
Let c(k) = -k**3 + 80*k**2 - 80*k + 69. Determine c(79).
-10
Let m(w) = 457*w + 3233. What is m(-7)?
34
Let d(o) = -30*o + 1672. What is d(56)?
-8
Let t(u) = -u**3 - 14*u**2 + 36*u - 26. Determine t(-17).
229
Let f(v) = -100*v - 99. Calculate f(-1).
1
Let l(k) = 220*k - 2439. Determine l(11).
-19
Let s(p) = 100*p**2 - 151*p - 152. Give s(-1).
99
Let p(r) = -618*r - 3760. What is p(-6)?
-52
Let v(d) = -2*d + 51. Give v(-30).
111
Let p(o) = o**3 + o**2 + 2*o - 22. Give p(3).
20
Let o(i) = -411*i + 3022. What is o(8)?
-266
Let s(a) = 61*a**3 - 5*a**2 + 3*a + 8. What is s(-1)?
-61
Let f(s) = s**3 - s**2 + 6*s + 7. Determine f(-4).
-97
Let s(t) = -3*t**3 + 2*t**2 + 10*t - 11. Determine s(1).
-2
Let d(h) = h**3 + 22*h**2 - 50*h - 651. Give d(-23).
-30
Let l(r) = r**2 - 13*r - 162. Give l(-6).
-48
Let w(s) = -325*s - 3872. What is w(-12)?
28
Let s(x) = 5*x**2 - 23*x - 129. Calculate s(-8).
375
Let m(z) = -z**3 - 13*z**2 + 105*z + 722. Give m(-5).
-3
Let p(q) = -398*q + 1183. Give p(3).
-11
Let y(c) = 18*c + 209. What is y(-8)?
65
Let t(h) = 7*h**3 + 2*h**2 - 15*h + 12. Calculate t(1).
6